3, 67
Let x be (2 - 3) + -4 + 1. Let c = 11 - x. Suppose -4*y + l + 37 = -c, l = -4*y + 44. List the prime factors of y.
2, 3
Let b(r) = 44*r. What are the prime factors of b(9)?
2, 3, 11
Let w(u) = -u**3 + 31*u**2 + 27*u + 59. List the prime factors of w(31).
2, 7
List the prime factors of 2167/2 - 10*(-9)/180.
2, 271
Let d(s) = s**2 - 7*s + 5. Let u be d(6). Let y = 3 + u. Let q(m) = m**3 - m**2 + m + 1. List the prime factors of q(y).
7
Suppose -49 + 7 = -3*y + 3*c, y + 4*c = 19. Let q(m) = m**2 - 11*m + 21. What are the prime factors of q(y)?
3
Suppose 4*q - 6 = -30. Suppose 0 = 4*g - 263 + 423. Let n = q - g. List the prime factors of n.
2, 17
Let t(f) = -2*f**2 + 20*f + 26. Let a be t(11). Suppose 2*j - 52 = 2*h, -50 = 5*j - a*h - 184. List the prime factors of j.
2, 3, 5
List the prime factors of (15/25)/(9/9405).
3, 11, 19
Let v = 447 + -156. What are the prime factors of v?
3, 97
Suppose 0 = -34*f + 35*f + 2. What are the prime factors of 386/4 + ((-3)/6 - f)?
2, 7
Let d = 224 - -46. List the prime factors of d.
2, 3, 5
Let k be ((-3)/(-9))/((-3)/(-27)). What are the prime factors of k + (3 - -2*(9 + -2))?
2, 5
Suppose 0 = -k + 5*p - 10, 5*p - 10 = k - 2*k. Suppose -z + 3 + k = 0. What are the prime factors of z?
3
Let k(w) = 16*w + 9. Let v be k(3). Suppose -o = 2, o + v + 41 = 3*h. What are the prime factors of h?
2
Let i(f) be the first derivative of f**3 + 4*f**2 - 3*f + 13. List the prime factors of i(3).
2, 3
Suppose -57 = 5*t - 3*x, 0 = 4*x - 0*x + 4. What are the prime factors of (-16 - t) + (1 - -32)?
29
Let v = 10 + -37. Let z = v - -28. List the prime factors of 1 + (-2 - -22)/z.
3, 7
Let h = -25 + 29. Suppose 0*a = h*o - a - 487, 4*o = 5*a + 467. List the prime factors of o.
3, 41
Let k(x) = -284*x - 16. Let g be k(-3). Suppose -3*b + 7*b - g = 0. List the prime factors of b.
11, 19
Let a = 1660 - 136. What are the prime factors of a?
2, 3, 127
Let b = 53 + -27. Suppose 0 = 27*g - b*g - 95. What are the prime factors of g?
5, 19
Let k be 4/10 + 24/15. Let q be 5/((0 - -2)/k). Suppose -5*g - q*s + 4*s + 43 = 0, 4*s = 5*g - 53. What are the prime factors of g?
3
Let x(c) = -c**2 + 11*c + 7. Let n(f) = -f + 3. Let t be n(-6). What are the prime factors of x(t)?
5
Let b be 45*(-2 - 21/(-9)). Suppose z - 2*z - 10 = -5*i, -5*i - 4*z = b. What are the prime factors of (3 - i)/((-5)/(-60))?
2, 3
Let u = 410 + -274. What are the prime factors of u?
2, 17
Let i = 77 + -74. Let l = -6 - 22. Let q = i - l. What are the prime factors of q?
31
Suppose -7*q + 30 = 3*q. Suppose -32 = 2*w - q*w. What are the prime factors of w?
2
Suppose -42834 = -26*n - 14598. What are the prime factors of n?
2, 3, 181
Suppose 0 = -8*h + 2*h + 1512. Suppose 2*p + 5*u = 105, -3*p + h = p - 4*u. What are the prime factors of p?
2, 3, 5
Suppose 0 = -4*i - b + 2*b + 37, -2*i + 5*b + 5 = 0. Suppose -z - z = -i. Suppose -5 - 35 = -z*h. List the prime factors of h.
2
Let u = 1940 - 129. What are the prime factors of u?
1811
Let j(h) = 53*h - 7. Let g be j(-3). Let t = -91 - g. Suppose -5*n = -2*f - t, 0 = 5*n - 7*f + 4*f - 80. List the prime factors of n.
13
Suppose -2*t = -663 + 53. List the prime factors of t.
5, 61
Suppose 36 = -2*y - r - 3*r, 2*y - r + 21 = 0. List the prime factors of 6/8 + (-447)/y.
2, 19
Suppose -2*m + 14 = 4*q, 4*m + q = 11 + 3. Suppose 3*h = m*s + 390, -2*h - s = s - 280. What are the prime factors of h?
3, 5
Suppose 1065 = -i + 4*i - 3*l, -i + 2*l + 357 = 0. Suppose 127 = 3*h - i. What are the prime factors of h?
2, 5
Let i = 128 - 128. What are the prime factors of (6 - -7)*(12 - i)?
2, 3, 13
Suppose -2297 = -15*y + 1228. What are the prime factors of y?
5, 47
Let g(w) = -1. Let b(x) = -x**2 - 6*x - 3. Let l(j) = -b(j) - 2*g(j). List the prime factors of l(-8).
3, 7
Let r = -148 + 1239. What are the prime factors of r?
1091
Let b(l) = -5*l**3 - 3*l**2 - 4*l - 3. Let z(j) be the second derivative of -j**4/4 + j**3/6 - 4*j. Let n be z(1). List the prime factors of b(n).
3, 11
Let r(g) = g**3 + 6*g**2 - 10*g - 1. Let p(l) = 10*l**2 - 1. Let m be p(1). Let k = m - 16. What are the prime factors of r(k)?
2, 5
Let s = 365 - -29. List the prime factors of s.
2, 197
Let m(j) = j**3 - 8*j**2 - 2*j + 19. Let y be m(8). Let q = y - 0. Suppose 0 = -q*n + 2 + 7. What are the prime factors of n?
3
Let t = 162 - 92. What are the prime factors of t?
2, 5, 7
Suppose -3*l + n = -2288, -5*l + n = -4*n - 3820. List the prime factors of l.
2, 3, 127
Let f(n) = -n - 7. Suppose 3*a - 7 = -28. Let i be f(a). Suppose -2*d + 6 + 8 = i. List the prime factors of d.
7
Let a(w) = -17*w - 8. Let t be (18/8)/(9/(-24)). Let j be a(t). Suppose 9 = -5*q + j. What are the prime factors of q?
17
Suppose -q = -5*q. Suppose -3*a + 12 = -4*n, -a = -2*n + 2 - 6. Suppose a*k - 2*k - 6 = q. What are the prime factors of k?
3
Suppose -2*q + 18 - 189 = 3*t, 3*q = 3*t + 171. Let a = t + 103. What are the prime factors of a?
2, 23
Suppose -4*s + 4*i - 3*i + 692 = 0, -4*s - 4*i + 712 = 0. Let r = s + -85. What are the prime factors of r?
89
Let q(h) = 8*h**2 + 33*h + 7. Let y(g) = 4*g**2 + 16*g + 4. Let b(a) = 3*q(a) - 5*y(a). List the prime factors of b(-8).
3, 5, 7
What are the prime factors of 301240/160 - (-1)/((-4)/3)?
2, 941
Suppose -2*t - r + 2 = 1, -r = 5*t + 2. Let n be 57 + ((-3)/1)/t. Suppose -3*m = -n + 18. List the prime factors of m.
2, 7
Let m = 72 - 154. Let t = 168 + m. What are the prime factors of t?
2, 43
Let j = -13 - -19. Suppose 157 = -j*y + 487. List the prime factors of y.
5, 11
Let n(b) be the second derivative of 24*b**5/5 + b**4/12 - b**3/3 + 17*b. List the prime factors of n(1).
5, 19
Suppose 38*g = -17*g + 55330. List the prime factors of g.
2, 503
Let o be (-6 - 2)/(12/(-6)). Suppose -t - o*t = -75. Let p = -11 + t. What are the prime factors of p?
2
Let j(l) = 5*l**2 - 10*l - 16. Let s be j(-8). Suppose 0 = 14*p - 10*p - s. What are the prime factors of p?
2, 3
Let o be (1/(-2))/(6/180). Let s = 19 + o. Suppose 29 = 2*q + 5*n, -n - s*n + 35 = 5*q. What are the prime factors of q?
2
Let d be (-21)/(-9) + (-6)/18. Suppose 0 = -2*l + 4*o + 110, -d*l + 0*o - 2*o = -134. List the prime factors of l.
3, 7
Suppose 3*f + 4*a + a - 37 = 0, 4*a = -2*f + 24. Let r(c) = c**2 - 15*c + 16. Let j be r(f). List the prime factors of (-8)/(-2) + j*12.
2, 7
Let p(k) = -k**3 - 6*k**2 - 7*k - 5. Let q be p(-5). Suppose -14*f = -15*f + 155. Suppose m = -5*x + f, 2*x - q*m = 4*x - 62. List the prime factors of x.
31
Suppose -159921 = 49*t - 450589. What are the prime factors of t?
2, 1483
Let i(f) = 2*f**2 - 22*f - 34. Let v be (-2)/(-17) + -36*90/(-204). What are the prime factors of i(v)?
2, 3, 7
Suppose -21*f + 24*f = -9, -2*j + f = -6239. What are the prime factors of j?
2, 1559
Suppose 7995 = 5*d + l, 0 = -5*d + 7*l - 2*l + 8025. What are the prime factors of d?
2, 5
List the prime factors of 65224/32 - (-3 - 26/(-8)).
2, 1019
Suppose 4*y = 5*d + 3*y + 643, 5*y = 15. Let i be ((-6)/(-8))/((-8)/d). List the prime factors of -3 - (i/4 + -30).
2, 3
Suppose 0 = -2*c + 124 + 90. Let q = c + 39. Let p = q - 80. List the prime factors of p.
2, 3, 11
Let n(b) = -b**2 + 4. Let l be n(2). Suppose 3*k = -j + 109, -5*k + l*k = -2*j - 189. What are the prime factors of k?
37
Let q(f) be the second derivative of 11*f**4/12 - 2*f**3/3 - 7*f**2/2 + 3*f + 12. List the prime factors of q(-4).
5, 37
Suppose 9*s - 11119 - 13991 = 0. What are the prime factors of s?
2, 3, 5, 31
Suppose -3*w = -v - 14633, -4*v = 72*w - 67*w - 24360. List the prime factors of w.
2, 23, 53
Let o(d) = d**3 + d**2 - 3. Let k(r) = r**3 - r - 1. Let w(v) = 5*v**2 - v - 11. Let s(x) = -k(x) - w(x). Let j be s(-5). What are the prime factors of o(j)?
3
Let q = -12 + 6. Let p be (-2)/(-6) - 4/q. What are the prime factors of (p + -3)/(-2)*2?
2
Let t(j) = -106*j + 44. List the prime factors of t(-5).
2, 7, 41
Suppose -15*l - 161343 = -132*l. What are the prime factors of l?
7, 197
Let s(y) = -y**3 + 3*y**2 + 6*y - 3. Let i = -6 + 10. Let o be s(i). Suppose -o*t + 25 = n, -5*n + 8 = 3*t - 29. List the prime factors of n.
5
Let h(k) = k**2 - 25*k - 954. What are the prime factors of h(63)?
2, 3, 5
Suppose -4*g = g - 85. Let r = 36 + g. List the prime factors of r.
53
Let h = -854 - -1248. List the prime factors 